{"id":1104,"date":"2023-08-11T12:25:28","date_gmt":"2023-08-11T12:25:28","guid":{"rendered":"https:\/\/fillinx.site\/tropscbdtest\/?post_type=product&#038;p=1104"},"modified":"2024-03-05T09:48:01","modified_gmt":"2024-03-05T09:48:01","slug":"infusion-nuit-detox-50g","status":"publish","type":"product","link":"https:\/\/fillinx.site\/tropscbdtest\/produit\/infusion-nuit-detox-50g\/","title":{"rendered":"INFUSION NUIT DETOX 50G"},"content":{"rendered":"<p><strong>Ingr\u00e9dients<\/strong>:<\/p>\n<p>Fleurs de cbd, ortie*, m\u00e9lisse*, camomille*, feuilles de moringa*, menthe*, th\u00e9 vert Bancha*, ar\u00f4me naturel, coco*, val\u00e9riane*, herbe de bl\u00e9*.<\/p>\n<p>*<span style=\"color: #339966;\">Issu de l&rsquo;agriculture biologique<\/span><\/p>\n<p><strong>Conseils de d\u00e9gustation<\/strong> :<\/p>\n<p>Temps d&rsquo;infusion : 7 &#8211; 10 Min<\/p>\n<p>Temp\u00e9rature d&rsquo;infusion : 70 &#8211; 80 \u00b0 C<\/p>\n<p>THC: &lt;0,3%<\/p>\n","protected":false},"excerpt":{"rendered":"<p style=\"text-align: justify;\"><span style=\"color: #000000;\">Profitez de votre nuit pour <strong>d\u00e9toxifier votre corps<\/strong>.<\/span><\/p>\n<p style=\"text-align: justify;\"><span style=\"color: #000000;\">L&rsquo;ortie est l&rsquo;une des plantes m\u00e9dicinales les plus efficaces. Connue depuis l&rsquo;antiquit\u00e9, elle est un tr\u00e8s bon diur\u00e9tique, elle agit contre les douleurs de l&rsquo;arthrite et des rhumatismes et soulage en cas d&rsquo;inflammation b\u00e9nigne de la prostate.<\/span><\/p>\n<p style=\"text-align: justify;\"><span style=\"color: #000000;\">La m\u00e9lisse contenue dans cette infusion soulagera les ballonnements, les douleurs li\u00e9es au foie, et vous apaisera en cas de nervosit\u00e9 ou d&rsquo;hypertension.<\/span><\/p>\n<p style=\"text-align: justify;\"><span style=\"color: #000000;\">Anti-inflammatoire et antioxydante, la camomille permettra de <strong>ralentir le vieillissement cellulaire<\/strong>.<\/span><\/p>\n<p style=\"text-align: justify;\"><span style=\"color: #000000;\">Le m\u00e9lange de plante de cette infusion, associ\u00e9 au chanvre, permettra un apaisement et d\u00e9toxifiera votre organisme pendant votre sommeil.<\/span><\/p>\n<p style=\"text-align: justify;\">\n","protected":false},"featured_media":1147,"template":"","meta":[],"product_cat":[49],"product_tag":[],"_links":{"self":[{"href":"https:\/\/fillinx.site\/tropscbdtest\/wp-json\/wp\/v2\/product\/1104"}],"collection":[{"href":"https:\/\/fillinx.site\/tropscbdtest\/wp-json\/wp\/v2\/product"}],"about":[{"href":"https:\/\/fillinx.site\/tropscbdtest\/wp-json\/wp\/v2\/types\/product"}],"wp:featuredmedia":[{"embeddable":true,"href":"https:\/\/fillinx.site\/tropscbdtest\/wp-json\/wp\/v2\/media\/1147"}],"wp:attachment":[{"href":"https:\/\/fillinx.site\/tropscbdtest\/wp-json\/wp\/v2\/media?parent=1104"}],"wp:term":[{"taxonomy":"product_cat","embeddable":true,"href":"https:\/\/fillinx.site\/tropscbdtest\/wp-json\/wp\/v2\/product_cat?post=1104"},{"taxonomy":"product_tag","embeddable":true,"href":"https:\/\/fillinx.site\/tropscbdtest\/wp-json\/wp\/v2\/product_tag?post=1104"}],"curies":[{"name":"wp","href":"https:\/\/api.w.org\/{rel}","templated":true}]}}