{"id":1170,"date":"2023-08-11T12:27:24","date_gmt":"2023-08-11T12:27:24","guid":{"rendered":"https:\/\/fillinx.site\/tropscbdtest\/?post_type=product&#038;p=1170"},"modified":"2023-12-12T17:05:57","modified_gmt":"2023-12-12T17:05:57","slug":"bubble-gum-10ml","status":"publish","type":"product","link":"https:\/\/fillinx.site\/tropscbdtest\/produit\/bubble-gum-10ml\/","title":{"rendered":"Bubble Gum 10ml"},"content":{"rendered":"<p>Grace \u00e0 cet e-liquide gourmand, retrouvez le vrai go\u00fbt du bubble-gum rose, doux avec des notes sucr\u00e9es et l\u00e9g\u00e8rement fruit\u00e9es, mais sans les bulles.<\/p>\n<p>D\u00e9couvrez cette recharge de e-liquide incontournable \u00e0 vapoter en \u00ab\u00a0all day\u00a0\u00bb dans diff\u00e9rents dosage de nicotine (3, 6, 12 et 16 mg\/ml) et \u00e9galement dans une version sans nicotine.<\/p>\n","protected":false},"excerpt":{"rendered":"<p>Grace \u00e0 cet e-liquide gourmand, retrouvez le vrai go\u00fbt du bubble-gum rose, doux avec des notes sucr\u00e9es et l\u00e9g\u00e8rement fruit\u00e9es, mais sans les bulles. D\u00e9couvrez cette recharge de e-liquide incontournable \u00e0 vapoter en \u00ab\u00a0all day\u00a0\u00bb dans diff\u00e9rents dosage de nicotine (3, 6, 12 et 16 mg\/ml) et \u00e9galement dans une version sans nicotine.<\/p>\n","protected":false},"featured_media":1192,"template":"","meta":[],"product_cat":[45,50,109],"product_tag":[],"_links":{"self":[{"href":"https:\/\/fillinx.site\/tropscbdtest\/wp-json\/wp\/v2\/product\/1170"}],"collection":[{"href":"https:\/\/fillinx.site\/tropscbdtest\/wp-json\/wp\/v2\/product"}],"about":[{"href":"https:\/\/fillinx.site\/tropscbdtest\/wp-json\/wp\/v2\/types\/product"}],"wp:featuredmedia":[{"embeddable":true,"href":"https:\/\/fillinx.site\/tropscbdtest\/wp-json\/wp\/v2\/media\/1192"}],"wp:attachment":[{"href":"https:\/\/fillinx.site\/tropscbdtest\/wp-json\/wp\/v2\/media?parent=1170"}],"wp:term":[{"taxonomy":"product_cat","embeddable":true,"href":"https:\/\/fillinx.site\/tropscbdtest\/wp-json\/wp\/v2\/product_cat?post=1170"},{"taxonomy":"product_tag","embeddable":true,"href":"https:\/\/fillinx.site\/tropscbdtest\/wp-json\/wp\/v2\/product_tag?post=1170"}],"curies":[{"name":"wp","href":"https:\/\/api.w.org\/{rel}","templated":true}]}}