{"id":1202,"date":"2023-08-11T12:27:44","date_gmt":"2023-08-11T12:27:44","guid":{"rendered":"https:\/\/fillinx.site\/tropscbdtest\/?post_type=product&#038;p=1202"},"modified":"2024-02-19T14:16:51","modified_gmt":"2024-02-19T14:16:51","slug":"fruits-rouges-10ml","status":"publish","type":"product","link":"https:\/\/fillinx.site\/tropscbdtest\/produit\/fruits-rouges-10ml\/","title":{"rendered":"Fruits rouges 10ml"},"content":{"rendered":"<p>E-liquide framboises, m\u00fbres, fraises et cassis : l&rsquo;association parfaite de ces 4 fruits rouges vous g\u00e9n\u00e8re un e-liquide au go\u00fbt et \u00e0 la saveur fruit\u00e9e et d\u00e9licate.<\/p>\n<p>On retrouve des notes l\u00e9g\u00e8rement acidul\u00e9es, le combo entre ces 4 fruits apporte un relief int\u00e9ressant&#8230; qui vous fera rougir de plaisir !<\/p>\n<p>Nous vous conseillons de ne pas mettre trop de puissance sur votre batterie, car ce e-liquide poss\u00e8de un go\u00fbt d\u00e9licat. Pour varier les plaisirs, vous pouvez aussi le m\u00e9langer avec nos e-liquides menthol\u00e9s ou avec l&rsquo;eliquide Ze Citron.<\/p>\n<p>E-liquide fruits rouges disponible avec plusieurs taux de nicotine : 0, 3, 6, 12 et 16 mg\/ml<\/p>\n","protected":false},"excerpt":{"rendered":"<p>E-liquide framboises, m\u00fbres, fraises et cassis : l&rsquo;association parfaite de ces 4 fruits rouges vous g\u00e9n\u00e8re un e-liquide au go\u00fbt et \u00e0 la saveur fruit\u00e9e et d\u00e9licate. On retrouve des notes l\u00e9g\u00e8rement acidul\u00e9es, le combo entre ces 4 fruits apporte un relief int\u00e9ressant&#8230; qui vous fera rougir de plaisir ! Nous vous conseillons de ne pas mettre trop de puissance sur votre batterie, car ce e-liquide poss\u00e8de un go\u00fbt d\u00e9licat. Pour varier les plaisirs, vous pouvez aussi le m\u00e9langer avec nos e-liquides menthol\u00e9s ou avec l&rsquo;eliquide Ze Citron. E-liquide fruits rouges disponible avec plusieurs taux de nicotine : 0, 3, 6, 12 et 16 mg\/ml<\/p>\n","protected":false},"featured_media":1227,"template":"","meta":[],"product_cat":[50,109,45],"product_tag":[],"_links":{"self":[{"href":"https:\/\/fillinx.site\/tropscbdtest\/wp-json\/wp\/v2\/product\/1202"}],"collection":[{"href":"https:\/\/fillinx.site\/tropscbdtest\/wp-json\/wp\/v2\/product"}],"about":[{"href":"https:\/\/fillinx.site\/tropscbdtest\/wp-json\/wp\/v2\/types\/product"}],"wp:featuredmedia":[{"embeddable":true,"href":"https:\/\/fillinx.site\/tropscbdtest\/wp-json\/wp\/v2\/media\/1227"}],"wp:attachment":[{"href":"https:\/\/fillinx.site\/tropscbdtest\/wp-json\/wp\/v2\/media?parent=1202"}],"wp:term":[{"taxonomy":"product_cat","embeddable":true,"href":"https:\/\/fillinx.site\/tropscbdtest\/wp-json\/wp\/v2\/product_cat?post=1202"},{"taxonomy":"product_tag","embeddable":true,"href":"https:\/\/fillinx.site\/tropscbdtest\/wp-json\/wp\/v2\/product_tag?post=1202"}],"curies":[{"name":"wp","href":"https:\/\/api.w.org\/{rel}","templated":true}]}}