{"id":1396,"date":"2023-08-11T12:30:07","date_gmt":"2023-08-11T12:30:07","guid":{"rendered":"https:\/\/fillinx.site\/tropscbdtest\/?post_type=product&#038;p=1396"},"modified":"2024-04-23T16:25:58","modified_gmt":"2024-04-23T14:25:58","slug":"new-york-cookie-ext-small-bud-10g","status":"publish","type":"product","link":"https:\/\/fillinx.site\/tropscbdtest\/produit\/new-york-cookie-ext-small-bud-10g\/","title":{"rendered":"New York Cookie Ext small bud 10g"},"content":{"rendered":"<p>La Fleur de CBD New York Cookie est une vari\u00e9t\u00e9 de cannabis \u00e0 dominante CBD. Elle permet d&rsquo;avoir des effets relaxants et apaisants sans les effets du THC.<\/p>\n<p>L&rsquo;ar\u00f4me de cette vari\u00e9t\u00e9 est particuli\u00e8rement appr\u00e9ci\u00e9.<\/p>\n<p>En effet, elle poss\u00e8de des notes de biscuits et de vanille qui se d\u00e9marquent et la rendent tr\u00e8s agr\u00e9able \u00e0 consommer. On peut \u00e9galement percevoir des nuances de caramel, de chocolat et de noisette, cr\u00e9ant un m\u00e9lange aromatique d\u00e9licieux.<\/p>\n<p>Au niveau du go\u00fbt, la Fleur de CBD New York Cookie est \u00e9galement tr\u00e8s appr\u00e9ci\u00e9e. Elle a un go\u00fbt de biscuits et de vanille, avec des notes de caramel, de chocolat et de noisette qui renforcent l&rsquo;ar\u00f4me. Elle est \u00e9galement connue pour ses propri\u00e9t\u00e9s anti-inflammatoires et analg\u00e9siques.<\/p>\n","protected":false},"excerpt":{"rendered":"<p>Certains d&rsquo;entre vous adore cette vari\u00e9t\u00e9. Vous allez encore plus l&rsquo;aimer en version <strong><span style=\"color: #b7950b\"><a href=\"https:\/\/fillinx.site\/tropscbdtest\/product-category\/fleurs\/small-bud\/\" style=\"color: #b7950b\">small bud<\/a><\/span><\/strong>.<\/p>\n<p>&nbsp;<\/p>\n","protected":false},"featured_media":651,"template":"","meta":[],"product_cat":[65],"product_tag":[],"_links":{"self":[{"href":"https:\/\/fillinx.site\/tropscbdtest\/wp-json\/wp\/v2\/product\/1396"}],"collection":[{"href":"https:\/\/fillinx.site\/tropscbdtest\/wp-json\/wp\/v2\/product"}],"about":[{"href":"https:\/\/fillinx.site\/tropscbdtest\/wp-json\/wp\/v2\/types\/product"}],"wp:featuredmedia":[{"embeddable":true,"href":"https:\/\/fillinx.site\/tropscbdtest\/wp-json\/wp\/v2\/media\/651"}],"wp:attachment":[{"href":"https:\/\/fillinx.site\/tropscbdtest\/wp-json\/wp\/v2\/media?parent=1396"}],"wp:term":[{"taxonomy":"product_cat","embeddable":true,"href":"https:\/\/fillinx.site\/tropscbdtest\/wp-json\/wp\/v2\/product_cat?post=1396"},{"taxonomy":"product_tag","embeddable":true,"href":"https:\/\/fillinx.site\/tropscbdtest\/wp-json\/wp\/v2\/product_tag?post=1396"}],"curies":[{"name":"wp","href":"https:\/\/api.w.org\/{rel}","templated":true}]}}