{"id":21790,"date":"2024-02-24T16:40:00","date_gmt":"2024-02-24T16:40:00","guid":{"rendered":"https:\/\/fillinx.site\/tropscbdtest\/?post_type=product&#038;p=21790"},"modified":"2024-03-25T10:50:17","modified_gmt":"2024-03-25T10:50:17","slug":"kit-easy2shake-la-chose-50-50","status":"publish","type":"product","link":"https:\/\/fillinx.site\/tropscbdtest\/produit\/kit-easy2shake-la-chose-50-50\/","title":{"rendered":"Kit Easy2Shake La Chose 50\/50"},"content":{"rendered":"<p><span style=\"color: #333300;\">Le kit e-liquide Easy2Shake La Chose est votre passeport pour une vape gourmande et simplifi\u00e9e, con\u00e7u pour ceux qui recherchent \u00e0 la fois la commodit\u00e9 et l&rsquo;excellence gustative. Ce pack tout-en-un inclut un e-liquide Up to 60 ml surdos\u00e9 en ar\u00f4mes de caramel, caf\u00e9, noisette grill\u00e9e, noix de p\u00e9can, et vanille, accompagn\u00e9 de 1 booster de nicotine NicoMax de haute puret\u00e9, permettant d&rsquo;ajuster la teneur en nicotine \u00e0 3 mg\/ml. La version Easy2Shake 50\/50 de La Chose promet une exp\u00e9rience riche en saveurs et facile \u00e0 pr\u00e9parer : m\u00e9langez, secouez, et vous \u00eates pr\u00eat \u00e0 vapoter une cr\u00e9ation gourmande sans \u00e9gal.<\/span><\/p>\n<p><span style=\"color: #333300;\">Ce kit r\u00e9volutionnaire comprend un flacon de 50 ml de La Chose, intens\u00e9ment aromatis\u00e9 pour une satisfaction maximale d\u00e8s la premi\u00e8re bouff\u00e9e. Selon votre pr\u00e9f\u00e9rence de nicotine, ajoutez simplement le booster NicoMax \u00e0 votre base pour atteindre le niveau d\u00e9sir\u00e9 de 3 mg\/ml. Avec le bouchon exclusif \u00ab\u00a0iFillGood\u00a0\u00bb, fabriqu\u00e9 en France et dot\u00e9 d&rsquo;un opercule refermable, le remplissage de votre flacon n&rsquo;a jamais \u00e9t\u00e9 aussi ais\u00e9.<\/span><\/p>\n<p><span style=\"color: #333300;\">La Chose se distingue non seulement par son go\u00fbt incomparable mais aussi par sa flexibilit\u00e9, offrant diff\u00e9rentes options pour r\u00e9pondre \u00e0 tous les besoins et pr\u00e9f\u00e9rences des vapoteurs. Que vous soyez nouveau dans le monde de la vape ou un aficionado \u00e0 la recherche de nouvelles saveurs, le kit Easy2Shake La Chose est la promesse d&rsquo;une exp\u00e9rience gourmande, pratique et personnalis\u00e9e.<\/span><\/p>\n","protected":false},"excerpt":{"rendered":"<p><span style=\"color: #333300;\">Simplifiez votre exp\u00e9rience de vape avec le kit e-liquide Easy2Shake La Chose 50\/50, une solution tout-en-un qui marie le plaisir gourmand du caramel, du caf\u00e9, de la noisette grill\u00e9e, de la noix de p\u00e9can et de la vanille. <\/span><\/p>\n<p><span style=\"color: #333300;\">Pr\u00e9parez-vous \u00e0 \u00eatre s\u00e9duit par ce m\u00e9lange riche, pr\u00eat \u00e0 booster avec NicoMax pour une satisfaction personnalis\u00e9e.<\/span><\/p>\n","protected":false},"featured_media":21792,"template":"","meta":[],"product_cat":[111,50,110,45],"product_tag":[],"_links":{"self":[{"href":"https:\/\/fillinx.site\/tropscbdtest\/wp-json\/wp\/v2\/product\/21790"}],"collection":[{"href":"https:\/\/fillinx.site\/tropscbdtest\/wp-json\/wp\/v2\/product"}],"about":[{"href":"https:\/\/fillinx.site\/tropscbdtest\/wp-json\/wp\/v2\/types\/product"}],"wp:featuredmedia":[{"embeddable":true,"href":"https:\/\/fillinx.site\/tropscbdtest\/wp-json\/wp\/v2\/media\/21792"}],"wp:attachment":[{"href":"https:\/\/fillinx.site\/tropscbdtest\/wp-json\/wp\/v2\/media?parent=21790"}],"wp:term":[{"taxonomy":"product_cat","embeddable":true,"href":"https:\/\/fillinx.site\/tropscbdtest\/wp-json\/wp\/v2\/product_cat?post=21790"},{"taxonomy":"product_tag","embeddable":true,"href":"https:\/\/fillinx.site\/tropscbdtest\/wp-json\/wp\/v2\/product_tag?post=21790"}],"curies":[{"name":"wp","href":"https:\/\/api.w.org\/{rel}","templated":true}]}}