{"id":3440,"date":"2023-09-13T12:12:52","date_gmt":"2023-09-13T12:12:52","guid":{"rendered":"https:\/\/fillinx.site\/tropscbdtest\/?post_type=product&#038;p=3440"},"modified":"2024-05-10T15:00:22","modified_gmt":"2024-05-10T13:00:22","slug":"baume-froid-250-mg-cbd","status":"publish","type":"product","link":"https:\/\/fillinx.site\/tropscbdtest\/produit\/baume-froid-250-mg-cbd\/","title":{"rendered":"Baume froid 250 mg CBD"},"content":{"rendered":"<h1>Un baume apaisant contenant des ingr\u00e9dients naturels associ\u00e9s optimalement<\/h1>\n<p>&nbsp;<\/p>\n<p>Le\u00a0<strong>camphre<\/strong>, le\u00a0<strong>menthol<\/strong>, les huiles essentielles de\u00a0<strong>menthe poivr\u00e9e<\/strong>\u00a0et\u00a0<strong>d&rsquo;eucalyptus<\/strong>\u00a0sont connus depuis longtemps pour leurs propri\u00e9t\u00e9s rafra\u00eechissantes et activantes.<\/p>\n<p>L&rsquo;huile essentielle de\u00a0<strong>pin des montagnes<\/strong>\u00a0d\u00e9tend les muscles, stimule la circulation sanguine et est un rem\u00e8de \u00e9prouv\u00e9 pour soulager les muscles endoloris et les tensions.<\/p>\n<p>Et enfin, des ingr\u00e9dients nourrissants tels que l&rsquo;aloe vera et le dexpanth\u00e9nol vous procureront une hydratation suppl\u00e9mentaire pour votre peau.<\/p>\n<p>La combinaison d&rsquo;ingr\u00e9dients naturels comme le\u00a0<strong>CBD<\/strong>, les huiles essentielles parfum\u00e9es et la\u00a0<strong>griffe du diable<\/strong>\u00a0font du Baume fraicheur \u00ab Arthro cool \u00bb, un soutien efficace contre les probl\u00e8mes musculaires et articulaires.<\/p>\n<h1>Utilisation<\/h1>\n<p>Appliquer le baume fraicheur \u00ab Arthro cool \u00bb, 3 \u00e0\u00a0 4 fois par jour ou plus si n\u00e9cessaire, sur les zones touch\u00e9es.<\/p>\n<p><strong>Astuce<\/strong>\u00a0: pour une action rafra\u00eechissante au niveau de la t\u00eate et pour clarifier votre esprit, appliquez le produit directement sur les deux tempes.<\/p>\n<p>&nbsp;<\/p>\n<h4><strong>Remarque :<\/strong><\/h4>\n<p>&#8211; Se laver soigneusement les mains apr\u00e8s l&rsquo;application et \u00e9viter tout contact avec les yeux.<\/p>\n<p>&#8211; Ne pas appliquer sur une peau irrit\u00e9e et l\u00e9s\u00e9e, des plaies ou les muqueuses.<\/p>\n<p>&#8211; Ne convient pas aux nourrissons et aux enfants en bas-\u00e2ge.<\/p>\n<p>&nbsp;<\/p>\n<h4><strong>Complexe d&rsquo;ingr\u00e9dients pr\u00e9cieux :<\/strong><\/h4>\n<p>Cannabidiol (250 mg), menthol, huile essentielle d&rsquo;eucalyptus, camphre, huile essentielle de menthe poivr\u00e9e, extrait de griffe du diable, dexpanth\u00e9nol, huile essentielle de pin de montagne, aloe vera<\/p>\n<p>&nbsp;<\/p>\n<h4><strong>INGR\u00e0\u2030DIENTS :<\/strong><\/h4>\n<p>aqua*, alcohol*\/**, aloe barbadensis leaf juice*\/**, menthol*, glycerin*\/**, eucalyptus globulus leaf oil*, camphor, mentha piperita oil*, harpagophytum procumbens root extract*, polyglyceryl-10 laurate*, ammonium acryloyldimethyltaurate\/vp copolymer, cannabidiol (cbd)*, octyldodecanol*, cyamopsis tetragonoloba (guar) gum*, xanthan gum*, panthenol, pinus pumilio branch\/leaf oil*\/**, linalool, limonene***<\/p>\n<p>&nbsp;<\/p>\n<p>* Ingr\u00e9dients d&rsquo;origine naturelle (96 %) ** Ingr\u00e9dients issus de l&rsquo;agriculture biologique<\/p>\n<p>(40 %) *** Composants issus des huiles essentielles naturelles et parfum d&rsquo;origine naturelle<\/p>\n","protected":false},"excerpt":{"rendered":"<p>Le\u00a0<strong>Baume fraicheur<\/strong>\u00a0\u00ab Arthro cool \u00bb permet un rafra\u00eechissement imm\u00e9diat\u00a0et\u00a0aide \u00e0\u00a0\u00a0<strong>soulager<\/strong>\u00a0les muscles et les articulations fortement sollicit\u00e9s.<\/p>\n<p>Il soutient la capacit\u00e9 de r\u00e9g\u00e9n\u00e9ration, favorise la circulation sanguine et d\u00e9toxifie les muscles.<\/p>\n<p>Apr\u00e8s un effort physique\u00a0ou en cas de muscles endoloris, il permet de soutenir et de soulager id\u00e9alement les muscles, les articulations et les bourses s\u00e9reuses trop sollicit\u00e9s.<\/p>\n<p>Les\u00a0huiles essentielles contenus dans le baume, stimulent la d\u00e9toxification et assurent \u00e9galement un meilleur apport en nutriments r\u00e9g\u00e9n\u00e9rants et en oxyg\u00e8ne dans les muscles.<\/p>\n<p>Gr\u00e2ce \u00e0\u00a0 sa concentration de 250 mg de\u00a0<strong>cannabidiol\u00a0<\/strong>(CBD) actif, il favorise la r\u00e9g\u00e9n\u00e9ration et soulage les muscles tendus.<\/p>\n<p>Le baume fraicheur \u00ab Arthro cool \u00bb, est un\u00a0<strong>cosm\u00e9tique bio certifi\u00e9 100 % v\u00e9g\u00e9tal<\/strong>, est exempt de paraffine, de silicone et d&rsquo;huiles min\u00e9rales, et il ne contient ni PEG, ni sulfates, ni parab\u00e8nes.<\/p>\n","protected":false},"featured_media":1039,"template":"","meta":[],"product_cat":[46],"product_tag":[],"_links":{"self":[{"href":"https:\/\/fillinx.site\/tropscbdtest\/wp-json\/wp\/v2\/product\/3440"}],"collection":[{"href":"https:\/\/fillinx.site\/tropscbdtest\/wp-json\/wp\/v2\/product"}],"about":[{"href":"https:\/\/fillinx.site\/tropscbdtest\/wp-json\/wp\/v2\/types\/product"}],"wp:featuredmedia":[{"embeddable":true,"href":"https:\/\/fillinx.site\/tropscbdtest\/wp-json\/wp\/v2\/media\/1039"}],"wp:attachment":[{"href":"https:\/\/fillinx.site\/tropscbdtest\/wp-json\/wp\/v2\/media?parent=3440"}],"wp:term":[{"taxonomy":"product_cat","embeddable":true,"href":"https:\/\/fillinx.site\/tropscbdtest\/wp-json\/wp\/v2\/product_cat?post=3440"},{"taxonomy":"product_tag","embeddable":true,"href":"https:\/\/fillinx.site\/tropscbdtest\/wp-json\/wp\/v2\/product_tag?post=3440"}],"curies":[{"name":"wp","href":"https:\/\/api.w.org\/{rel}","templated":true}]}}