{"id":3442,"date":"2023-09-13T12:12:53","date_gmt":"2023-09-13T12:12:53","guid":{"rendered":"https:\/\/fillinx.site\/tropscbdtest\/?post_type=product&#038;p=3442"},"modified":"2024-05-10T15:01:46","modified_gmt":"2024-05-10T13:01:46","slug":"urban-antiox","status":"publish","type":"product","link":"https:\/\/fillinx.site\/tropscbdtest\/produit\/urban-antiox\/","title":{"rendered":"Urban antiox"},"content":{"rendered":"<h1>Un coup de fra\u00eecheur pour les peaux fatigu\u00e9es<\/h1>\n<p>Le\u00a0<strong>cannabidiol\u00a0<\/strong>(125mg), le secret du succ\u00e8s de ce gel, aide les cellules cutan\u00e9es endommag\u00e9es \u00e0\u00a0 se r\u00e9g\u00e9n\u00e9rer.<\/p>\n<p>L&rsquo;huile de\u00a0<strong>graines de chanvre<\/strong>\u00a0est similaire au mod\u00e8le d&rsquo;acides gras de la peau humaine et soutient la propre couche\u00a0<strong>hydro-lipidique<\/strong>\u00a0du corps.<\/p>\n<p>L&rsquo;acide amin\u00e9\u00a0<strong>Ectoin\u00ae<\/strong>\u00a0est utilis\u00e9 pour prot\u00e9ger contre la chaleur intense et les rayons UV afin de r\u00e9duire les effets du stress UV sur la peau. Les propri\u00e9t\u00e9s hydratantes, r\u00e9gulatrices et apaisantes de l&rsquo;<strong>Ectoin\u00ae<\/strong>\u00a0sont particuli\u00e8rement b\u00e9n\u00e9fiques pour les peaux sensibles.<\/p>\n<p><strong>ExpoZen\u00ae<\/strong>\u00a0se concentre sur la protection du visage contre les agressions ext\u00e9rieures des radicaux libres et\u00a0<strong>soutient<\/strong>\u00a0les cellules immunitaires de la peau.<\/p>\n<p>De cette mani\u00e8re, les effets du vieillissement pr\u00e9matur\u00e9 peuvent \u00eatre \u00e9vit\u00e9s.<\/p>\n<p>Associ\u00e9 \u00e0\u00a0 l&rsquo;<strong>acide hyaluronique<\/strong>, le complexe d&rsquo;actifs\u00a0<strong>Urban Antiox<\/strong>\u00a0soutient l&rsquo;hydratation de la peau et contribue ainsi \u00e0\u00a0 sa fermet\u00e9.<\/p>\n<p><strong>VinUP Lift<\/strong>\u00a0\u00e0\u00a0 base de<strong>\u00a0vin de glace<\/strong>, favorise une apparence jeune et un \u00e9clat frais gr\u00e2ce \u00e0\u00a0 son effet\u00a0<strong>lifting<\/strong>.<\/p>\n<p>Le\u00a0<strong>panth\u00e9nol<\/strong>\u00a0est utilis\u00e9 pour gu\u00e9rir les plaies et est particuli\u00e8rement b\u00e9n\u00e9fique pour les impuret\u00e9s cutan\u00e9es.<\/p>\n<p>On dit que les pousses de cresson ont la capacit\u00e9 de blanchir l&rsquo;\u00e2ge et les taches pigmentaires. Ce rem\u00e8de naturel contribue \u00e0\u00a0 une peau du visage fra\u00eeche et saine.<\/p>\n<p>L&rsquo;<strong>aloe vera<\/strong>, une\u00a0<strong>plante merveilleuse<\/strong>, fournit le parfum neutre du gel cr\u00e8me Urban Antiox et prend soin de la peau de mani\u00e8re durable.<\/p>\n<p>L&rsquo;extrait de\u00a0<strong>th\u00e9 vert<\/strong>\u00a0et le\u00a0<strong>menthol<\/strong>\u00a0assurent un effet rafra\u00eechissant ultime, pour que vous ayez l&rsquo;air frais\/fraiche et vif\/vive, quelle que soit l&rsquo;heure de la journ\u00e9e.<\/p>\n<p>Le\u00a0<strong>CBD<\/strong>\u00a0est le nouveau secret de beaut\u00e9 pour les peaux exigeantes et permet d&rsquo;\u00e9viter les effets n\u00e9fastes sur la peau des facteurs externes.<\/p>\n<p>L&rsquo;acide hyaluronique bio-ferment\u00e9, le menthol, l&rsquo;Expozen d&rsquo;algues rouges, le VinUP Lift (\u00e9lixir de vin de glace) et les pousses de cresson ont un effet stimulant et revigorant.<\/p>\n<h1>Utlisation<\/h1>\n<p>Appliquez le gel cr\u00e8me Urban Antiox le matin sur une peau nettoy\u00e9e, pour une fra\u00eecheur ultime .<\/p>\n<p>Convient \u00e0\u00a0 tous les types de peaux et peaux sensibles.<\/p>\n<p>&nbsp;<\/p>\n<h4><strong>Complexe d&rsquo; ingr\u00e9dients:<\/strong><\/h4>\n<p>cannabidiol (125 mg), ecto\u00efne, pousses de cresson, expozen d&rsquo;algues rouges, panth\u00e9nol, acide hyaluronique (bio-ferment\u00e9), aloe vera, huile de graines de chanvre, VinUp lift de vin de glace, extrait de th\u00e9 vert, menthol<\/p>\n<p>&nbsp;<\/p>\n<h4><strong>INGR\u00c9DIENTS:<\/strong><\/h4>\n<p>aqua *, jus de feuilles d&rsquo;aloe barbadensis * \/ **, glyc\u00e9rine * \/ **, extrait hydrolys\u00e9 de rhodophyc\u00e9e *, extrait de germe de lepidium sativum *, carragh\u00e9nane (extrait d&rsquo;algue rouge) *, panth\u00e9nol, cannabidiol, huile de graines de cannabis sativa * \/ * *, ecto\u00efne *, vin *, gomme de caesalpinia spinosa (graines de tara) *, acide hyaluronique (bioferment\u00e9) *, extrait de feuille de camellia sinensis (th\u00e9 vert) *, parfum (naturel) *, maltodextrine *, gomme cyamopsis t\u00e9tragonoloba (guar) * , gomme xanthane *, l\u00e9cithine *, menthol *, acide d\u00e9hydroac\u00e9tique, l\u00e9vulinate de sodium *, sorbate de potassium, acide citrique, phytate de sodium *, alcool benzylique, limon\u00e8ne ***, g\u00e9raniol ***, linalol ***<\/p>\n<p>* Ingr\u00e9dients d&rsquo;origine naturelle (97,5%)<\/p>\n<p>** Ingr\u00e9dients d&rsquo;origine agricole biologique (23,5%)<\/p>\n","protected":false},"excerpt":{"rendered":"<p>La vie en ville, la pollution de l&rsquo;air, le froid, l&rsquo;exposition au soleil, les longues nuits, le sport, les longues p\u00e9riodes devant les \u00e9crans, fatiguent la peau et l&rsquo;\u00e9clat\u00a0de celle-ci.<\/p>\n<p>Le manteau acide protecteur de la peau, \u00e9galement connu sous le nom de\u00a0<strong>couche hydro-lipidique<\/strong>, est constamment confront\u00e9 avec de nouveaux d\u00e9fis dans la vie de tous les jours.<\/p>\n<p>Une couche hydro-lipidique affaiblie est plus sensible aux bact\u00e9ries et aux radicaux libres, et donc \u00e9galement au vieillissement cutan\u00e9 pr\u00e9matur\u00e9.<\/p>\n<p><strong>Il est temps de faire quelque chose<\/strong>: le\u00a0<strong>gel cr\u00e8me Urban Antiox<\/strong>\u00a0est id\u00e9alement adapt\u00e9 aux besoins des peaux exigeantes et prend soin du visage avec des ingr\u00e9dients naturels.<\/p>\n<p>Le complexe d&rsquo;ingr\u00e9dients actifs<strong>\u00a0Urban Antiox,<\/strong>\u00a0avec\u00a0ses ingr\u00e9dients naturels et des antioxydants pr\u00e9cieux, fournit hydratation, \u00e9nergie et prot\u00e8ge la peau sensible des influences oxydantes de l&rsquo;environnement.<\/p>\n<p>Les ingr\u00e9dients pr\u00e9sents dans ce gel,\u00a0<strong>r\u00e9duisent<\/strong>\u00a0les signes du\u00a0<strong>vieillissement<\/strong>\u00a0pr\u00e9matur\u00e9,\u00a0<strong>apaisent<\/strong>\u00a0les irritations et\u00a0<strong>favorisent<\/strong>\u00a0la\u00a0<strong>r\u00e9g\u00e9n\u00e9ration<\/strong>.<\/p>\n<p>&nbsp;<\/p>\n<p>Le gel\u00a0<strong>Urban Antiox<\/strong>\u00a0fournit une \u00e9nergie nourrissante aux peaux fatigu\u00e9es. Le gel apporte une touche de fra\u00eecheur, comparable \u00e0\u00a0 un lavage du visage avec de l&rsquo;eau provenant de source froide des montagnes.<\/p>\n","protected":false},"featured_media":1059,"template":"","meta":[],"product_cat":[46],"product_tag":[],"_links":{"self":[{"href":"https:\/\/fillinx.site\/tropscbdtest\/wp-json\/wp\/v2\/product\/3442"}],"collection":[{"href":"https:\/\/fillinx.site\/tropscbdtest\/wp-json\/wp\/v2\/product"}],"about":[{"href":"https:\/\/fillinx.site\/tropscbdtest\/wp-json\/wp\/v2\/types\/product"}],"wp:featuredmedia":[{"embeddable":true,"href":"https:\/\/fillinx.site\/tropscbdtest\/wp-json\/wp\/v2\/media\/1059"}],"wp:attachment":[{"href":"https:\/\/fillinx.site\/tropscbdtest\/wp-json\/wp\/v2\/media?parent=3442"}],"wp:term":[{"taxonomy":"product_cat","embeddable":true,"href":"https:\/\/fillinx.site\/tropscbdtest\/wp-json\/wp\/v2\/product_cat?post=3442"},{"taxonomy":"product_tag","embeddable":true,"href":"https:\/\/fillinx.site\/tropscbdtest\/wp-json\/wp\/v2\/product_tag?post=3442"}],"curies":[{"name":"wp","href":"https:\/\/api.w.org\/{rel}","templated":true}]}}