{"id":3443,"date":"2023-09-13T12:12:53","date_gmt":"2023-09-13T12:12:53","guid":{"rendered":"https:\/\/fillinx.site\/tropscbdtest\/?post_type=product&#038;p=3443"},"modified":"2024-02-19T14:56:15","modified_gmt":"2024-02-19T14:56:15","slug":"lotion-pour-le-corps","status":"publish","type":"product","link":"https:\/\/fillinx.site\/tropscbdtest\/produit\/lotion-pour-le-corps\/","title":{"rendered":"Lotion pour le corps"},"content":{"rendered":"<h1>De la douceur pour les peaux sensibles<\/h1>\n<p>Les\u00a0<strong>phytocannabino\u00efdes<\/strong>\u00a0d\u00e9riv\u00e9s du chanvre ont non seulement un effet positif sur tout l&rsquo;organisme lorsqu&rsquo;ils sont pris en compl\u00e9ment alimentaire, mais ils ont \u00e9galement un effet\u00a0<strong>b\u00e9n\u00e9fique<\/strong>\u00a0pour la sant\u00e9 lorsqu&rsquo;ils sont utilis\u00e9s \u00e0\u00a0 l&rsquo;ext\u00e9rieur.<\/p>\n<p>Le\u00a0<strong>cannabidiol phytocannabino\u00efde<\/strong>\u00a0(<strong>CBD<\/strong>) est un composant\u00a0<strong>pr\u00e9cieux<\/strong>\u00a0des produits de soins de la peau pour les peaux s\u00e8ches, gerc\u00e9es ou sujettes aux\u00a0<strong>neurodermatites<\/strong>.<\/p>\n<p>Il r\u00e9duit les r\u00e9actions cutan\u00e9es ind\u00e9sirables en stabilisant le syst\u00e8me immunitaire de la peau et en rendant la peau plus r\u00e9sistante aux allerg\u00e8nes, stimulus, bact\u00e9ries ou substances chimiques provoquant\u00a0<strong>l&rsquo;ecz\u00e9ma<\/strong>. Le\u00a0<strong>CBD<\/strong>\u00a0est \u00e9galement\u00a0<strong>anti-inflammatoire<\/strong>\u00a0et\u00a0<strong>r\u00e9g\u00e9n\u00e9rant<\/strong>.<\/p>\n<p>L&rsquo;<strong>acide gamma-linol\u00e9nique<\/strong>\u00a0pr\u00e9sent dans l&rsquo;huile de graines de chanvre est \u00e9galement utilis\u00e9 pour soulager l&rsquo;inflammation et\u00a0<strong>apaiser la peau<\/strong>\u00a0irrit\u00e9e ou qui gratte.<\/p>\n<p>Les acides gras insatur\u00e9s de l&rsquo;huile de\u00a0<strong>graines de chanvre<\/strong>\u00a0ainsi que l&rsquo;<strong>huile d&rsquo;amande douce<\/strong>, le\u00a0<strong>beurre de karit\u00e9<\/strong>\u00a0et l&rsquo;<strong>huile de tournesol<\/strong>\u00a0favorisent la r\u00e9g\u00e9n\u00e9ration de la barri\u00e8re cutan\u00e9e naturelle et fournissent \u00e0\u00a0 la peau une hydratation suppl\u00e9mentaire et des lipides naturels.<\/p>\n<p>L&rsquo;<strong>aloe vera<\/strong>\u00a0et le\u00a0<strong>dexpanth\u00e9nol<\/strong>\u00a0<strong>soignent<\/strong>\u00a0et\u00a0<strong>prot\u00e8gent<\/strong>\u00a0\u00e9galement la peau. L&rsquo;extrait de\u00a0<strong>racine de r\u00e9glisse<\/strong>\u00a0(avec licochalcone A, licochalcone B et glabrone) est surtout connu pour ses propri\u00e9t\u00e9s\u00a0<strong>r\u00e9g\u00e9n\u00e9rantes<\/strong>. Cet effet est compl\u00e9t\u00e9 par la\u00a0<strong>vitamine E<\/strong>\u00a0antioxydante, qui prot\u00e8ge la peau du vieillissement pr\u00e9matur\u00e9 et qui conserve sa souplesse.<\/p>\n<p>Cette lotion pour le corps riche ne contient pas de paraffine, de silicone ni d&rsquo;huiles min\u00e9rales.<\/p>\n<p>Elle est \u00e9galement exempte de PEG, de sulfates et de parab\u00e8nes. La flacon airless sp\u00e9cial assure une dur\u00e9e de conservation maximale des ingr\u00e9dients, prot\u00e8ge contre les contaminations et r\u00e9duit l&rsquo;utilisation de conservateurs au minimum.<\/p>\n<p>&nbsp;<\/p>\n<h1>Utilisation<\/h1>\n<p>Appliquer la lotion CBD Bodylotion, deux fois par jour ou plus si n\u00e9cessaire sur la peau affect\u00e9e.<\/p>\n<p>Ne convient pas aux nourrissons et aux enfants en bas-\u00e2ge.<\/p>\n<p>&nbsp;<\/p>\n<h4><strong>Complexe d&rsquo;ingr\u00e9dients pr\u00e9cieux :<\/strong><\/h4>\n<p>Cannabidiol (100 mg), aloe vera, extrait de racine de r\u00e9glisse, huile d&rsquo;amande douce, huile de graines de chanvre, beurre de karit\u00e9, huile de tournesol, huile essentielle de g\u00e9ranium, dexpanth\u00e9nol, vitamine E<\/p>\n<h4><strong>INGR\u00c9DIENTS :<\/strong><\/h4>\n<p>Aqua*, Aloe Barbadensis Leaf Juice*\/**, Prunus Amygdalus Dulcis (Almond) Oil*, Butyrospermum Parkii (Shea) Butter*\/**, Glycerin*\/**, Glyceryl Stearate<\/p>\n<p>Citrate*, Cannabis Sativa (Hemp) Seed Oil*\/**, Cetearyl Alcohol*, Helianthus Annuus Seed Oil*, Hydrogenated Ethylhexyl Olivate*, Hydrogenated Olive Oil Unsaponifiables*, Stearic Acid*, Palmitic Acid*, Sodium Stearoyl Glutamate*, Glyceryl Caprylate*, Panthenol, Cannabidiol (Cbd), Glycyrrhiza Glabra (Liquorice) Root Extract*, Maltodextrin* Cyamopsis Tetragonoloba (Guar) Gum*, Xanthan Gum*, Tocopheryl Acetate (Stable Vitamin E), Dehydroacetic Acid, Fragrance (Natural-Organic)*\/**, Pelargonium Graveolens Flower Oil* Sodium Levulinate*, Potassium Sorbate, Citric Acid, Sodium Phytate*, Benzyl Alcohol, Citronellol***, Geraniol***, Linalool***, Citral***, Limonene***<\/p>\n<p>*Ingr\u00e9dients d&rsquo;origine naturelle (97,5 %) ** Ingr\u00e9dients issu de l&rsquo;agriculture biologique (21,5 %) *** Composants issus des huiles essentielles naturelles<\/p>\n<p>&nbsp;<\/p>\n","protected":false},"excerpt":{"rendered":"<p>La lotion pour le corps CBD Bodylotion plus, s&rsquo;utilise pour le traitement aigu des peaux qui d\u00e9mangent, des peaux squameuses, tr\u00e8s s\u00e8ches\u00a0ou encore\u00a0pour les peaux irrit\u00e9es ou rougies.<\/p>\n<p>&nbsp;<\/p>\n<p>Elle nourrit, assouplit et r\u00e9g\u00e9n\u00e8re la peau gr\u00e2ce \u00e0\u00a0 sa composition\u00a0enrichie avec de nombreuses substances protectrices et apaisantes.<\/p>\n<p>C&rsquo;est un soin du corps riche et un v\u00e9ritable\u00a0soutien en cas de neurodermatite.<\/p>\n<p>La lotion Bodylotion plus permet de r\u00e9duire la sensation de peau tiraill\u00e9e et restaure une barri\u00e8re cutan\u00e9e normale tout en favorisant la r\u00e9g\u00e9n\u00e8ration des peaux \u00e0\u00a0 probl\u00e8mes.<\/p>\n","protected":false},"featured_media":1061,"template":"","meta":[],"product_cat":[46],"product_tag":[],"_links":{"self":[{"href":"https:\/\/fillinx.site\/tropscbdtest\/wp-json\/wp\/v2\/product\/3443"}],"collection":[{"href":"https:\/\/fillinx.site\/tropscbdtest\/wp-json\/wp\/v2\/product"}],"about":[{"href":"https:\/\/fillinx.site\/tropscbdtest\/wp-json\/wp\/v2\/types\/product"}],"wp:featuredmedia":[{"embeddable":true,"href":"https:\/\/fillinx.site\/tropscbdtest\/wp-json\/wp\/v2\/media\/1061"}],"wp:attachment":[{"href":"https:\/\/fillinx.site\/tropscbdtest\/wp-json\/wp\/v2\/media?parent=3443"}],"wp:term":[{"taxonomy":"product_cat","embeddable":true,"href":"https:\/\/fillinx.site\/tropscbdtest\/wp-json\/wp\/v2\/product_cat?post=3443"},{"taxonomy":"product_tag","embeddable":true,"href":"https:\/\/fillinx.site\/tropscbdtest\/wp-json\/wp\/v2\/product_tag?post=3443"}],"curies":[{"name":"wp","href":"https:\/\/api.w.org\/{rel}","templated":true}]}}