{"id":3446,"date":"2023-09-13T12:12:54","date_gmt":"2023-09-13T12:12:54","guid":{"rendered":"https:\/\/fillinx.site\/tropscbdtest\/?post_type=product&#038;p=3446"},"modified":"2023-09-29T21:55:07","modified_gmt":"2023-09-29T21:55:07","slug":"deodorant-solide","status":"publish","type":"product","link":"https:\/\/fillinx.site\/tropscbdtest\/produit\/deodorant-solide\/","title":{"rendered":"D\u00e9odorant solide"},"content":{"rendered":"<p>Dans la production de la cr\u00e8me d\u00e9odorante au CBD, l&rsquo;aluminium (sels) est\u00a0<strong>compl\u00e8tement \u00e9limin\u00e9,<\/strong>\u00a0remplac\u00e9 par des\u00a0<strong>ingr\u00e9dients naturels<\/strong>\u00a0de haute qualit\u00e9, qui soignent et chouchoutent la peau sous la forme d&rsquo;un nouveau concept de d\u00e9odorant.<\/p>\n<p>Sa formulation particuli\u00e8rement douce pour la peau,\u00a0<strong>prot\u00e8ge<\/strong>\u00a0de mani\u00e8re fiable contre les odeurs d\u00e9sagr\u00e9ables, soutient la fonction naturelle de r\u00e9gulation de la transpiration de la peau et en m\u00eame temps, l&#8217;emp\u00eache de se dess\u00e9cher.<\/p>\n<p>Avec son\u00a0<strong>parfum frais<\/strong>, il convient aussi bien aux hommes qu&rsquo;aux femmes.<\/p>\n<p>Notre cr\u00e8me d\u00e9odorante au CBD, d\u00e9sodorise avec une composition de\u00a0<strong>CBD<\/strong>\u00a0et d&rsquo;huile d<strong>&lsquo;arbre \u00e0\u00a0 th\u00e9<\/strong>, sans sels d&rsquo;aluminium et offre une protection d\u00e9odorante fiable sans huiles min\u00e9rales, paraffines, huiles de silicone, sulfates, PEG et parabens.<\/p>\n<p>La formulation d&rsquo;<strong>extrait de plante<\/strong>, procure une fra\u00eecheur toute la journ\u00e9e et convainc surtout par sa note de t\u00eate fra\u00eeche et\u00a0<strong>citronn\u00e9e<\/strong>\u00a0de l&rsquo;huile de lits\u00e9e.<\/p>\n<p>L&rsquo;hydrog\u00e9nocarbonate de sodium souligne la formule unique en orientant l&rsquo;\u00e9quilibre acido-basique de la peau dans la bonne direction.<\/p>\n<p>&nbsp;<\/p>\n<h1>Utilisation<\/h1>\n<p>Massez un peu de cr\u00e8me sous les aisselles avec vos doigts. La cr\u00e8me est rapidement absorb\u00e9e par la peau et se sent tr\u00e8s \u00e0\u00a0 l&rsquo;aise sous les aisselles.<\/p>\n<p>Une canette suffit pour environ 2 \u00e0\u00a0 4 mois.<\/p>\n<p>&nbsp;<\/p>\n<h4><strong>Complexe d&rsquo;ingr\u00e9dients actifs:<\/strong><\/h4>\n<p>cannabidiol (100 mg), souci, huile d&rsquo;arbre \u00e0\u00a0 th\u00e9, hydrog\u00e9nocarbonate de sodium, huile de litsea, vitamine E.<\/p>\n<p>Sans huiles min\u00e9rales, paraffines, huiles de silicone, sulfates, PEG et parabens.<\/p>\n<h4><strong>INGR\u00c9DIENTS:<\/strong><\/h4>\n<p>huile de graines orbignya oleifera * \/ **, bicarbonate de sodium *, amidon de zea mays *, huile de graines de cannabis sativa * \/ **, cera alba * \/ **, huile v\u00e9g\u00e9tale hydrog\u00e9n\u00e9e *, citrate de tri\u00e9thyle *, beurre de butyrospermum parkii * \/ **, cannabidiol, extrait de fleur de calendula officinalis (souci) * \/ **, tocoph\u00e9rol (vitamine e) *, parfum (naturel) *, huile de fruit de litsea cubeba *, huile de feuille de melaleuca alternifolia *, citral ***, limon\u00e8ne ** *, linalol ***, g\u00e9raniol ***, citronellol ***<\/p>\n<p>* Ingr\u00e9dients d&rsquo;origine naturelle (100%) ** Ingr\u00e9dients d&rsquo;origine agricole biologique (46,5%) *** Composants issus d&rsquo;huiles essentielles naturelles<\/p>\n<p>Cosm\u00e9tique naturelle biologique au CBD selon les directives de l&rsquo;Institut ECOGEA.<\/p>\n","protected":false},"excerpt":{"rendered":"<ul>\n<li>Sans sels d&rsquo;aluminium<\/li>\n<li>Pour tous les types de peau \u20ac\u201c unisexe<\/li>\n<li>Bienveillant et doux, pour les aisselles sensibles<\/li>\n<li>0% d&rsquo;alcool<\/li>\n<li>100% d&rsquo;ingr\u00e9dients naturels<\/li>\n<li>Cosm\u00e9tique naturel certifi\u00e9<\/li>\n<li>Protection d\u00e9odorante fiable<\/li>\n<li>Extra soignant et doux &#8211; convient aux peaux sensibles<\/li>\n<li>Merveilleusement confortable sur les aisselles<\/li>\n<\/ul>\n","protected":false},"featured_media":1074,"template":"","meta":[],"product_cat":[46],"product_tag":[],"_links":{"self":[{"href":"https:\/\/fillinx.site\/tropscbdtest\/wp-json\/wp\/v2\/product\/3446"}],"collection":[{"href":"https:\/\/fillinx.site\/tropscbdtest\/wp-json\/wp\/v2\/product"}],"about":[{"href":"https:\/\/fillinx.site\/tropscbdtest\/wp-json\/wp\/v2\/types\/product"}],"wp:featuredmedia":[{"embeddable":true,"href":"https:\/\/fillinx.site\/tropscbdtest\/wp-json\/wp\/v2\/media\/1074"}],"wp:attachment":[{"href":"https:\/\/fillinx.site\/tropscbdtest\/wp-json\/wp\/v2\/media?parent=3446"}],"wp:term":[{"taxonomy":"product_cat","embeddable":true,"href":"https:\/\/fillinx.site\/tropscbdtest\/wp-json\/wp\/v2\/product_cat?post=3446"},{"taxonomy":"product_tag","embeddable":true,"href":"https:\/\/fillinx.site\/tropscbdtest\/wp-json\/wp\/v2\/product_tag?post=3446"}],"curies":[{"name":"wp","href":"https:\/\/api.w.org\/{rel}","templated":true}]}}