{"id":3450,"date":"2023-09-13T12:12:54","date_gmt":"2023-09-13T12:12:54","guid":{"rendered":"https:\/\/fillinx.site\/tropscbdtest\/?post_type=product&#038;p=3450"},"modified":"2024-05-10T15:00:19","modified_gmt":"2024-05-10T13:00:19","slug":"soin-hydratant-visage","status":"publish","type":"product","link":"https:\/\/fillinx.site\/tropscbdtest\/produit\/soin-hydratant-visage\/","title":{"rendered":"Soin hydratant visage"},"content":{"rendered":"<h1>Soin du visage revitalisant pour les peaux sensibles<\/h1>\n<h1>Parce que votre peau et votre apparence ne m\u00e9ritent que le meilleur<\/h1>\n<p>Le\u00a0<strong>cannabis<\/strong>, la\u00a0<strong>plante m\u00e9dicinale<\/strong>\u00a0dont tout le monde entend parler, et qui fait d\u00e9bat en cette ann\u00e9e 2021, contient des\u00a0<strong>phytocannabino\u00efdes<\/strong>\u00a0tr\u00e8s efficaces, en particulier le\u00a0<strong>cannabidiol<\/strong>\u00a0(<strong>CBD<\/strong>), qui est r\u00e9put\u00e9 pour ses propri\u00e9t\u00e9s r\u00e9g\u00e9n\u00e9rantes et anti-inflammatoires cutan\u00e9es.<\/p>\n<p>Le\u00a0<strong>CBD<\/strong>\u00a0agit positivement non seulement en interne, mais aussi en externe. Il est donc un\u00a0<strong>ingr\u00e9dient pr\u00e9cieux<\/strong>\u00a0\u00e0\u00a0 utiliser dans les produits de soins de la peau\u00a0<strong>innovants<\/strong>.<\/p>\n<p>Gr\u00e2ce \u00e0\u00a0 ses propri\u00e9t\u00e9s antioxydantes, le\u00a0<strong>CBD<\/strong>\u00a0est \u00e9galement un ingr\u00e9dient anti-\u00e2ge efficace qui prot\u00e8ge la peau contre les radicaux libres et, donc, contre le vieillissement pr\u00e9matur\u00e9. Le\u00a0<strong>phytocannabino\u00efde<\/strong>\u00a0renforce \u00e9galement les fibres de collag\u00e8ne de la peau et am\u00e9liore la structure du tissu conjonctif.<\/p>\n<p>L<strong>&lsquo;aloe vera<\/strong>\u00a0et le\u00a0<strong>dexpanth\u00e9nol<\/strong>\u00a0r\u00e9g\u00e9n\u00e8rent la barri\u00e8re cutan\u00e9e et fournissent \u00e0\u00a0 la peau l&rsquo;hydratation ad\u00e9quate.<\/p>\n<p>L&rsquo;<strong>acide hyaluronique<\/strong>\u00a0pr\u00e9sent dans \u00ab\u00a0<strong>Hydracalm<\/strong>\u00a0\u00bb retient l&rsquo;humidit\u00e9, affermit la peau et peut corriger les petites rides.<\/p>\n<p>L&rsquo;huile de\u00a0<strong>graine de chanvre<\/strong>\u00a0r\u00e9g\u00e9n\u00e9rante assure \u00e9galement un teint radieux.<\/p>\n<p>Les\u00a0<strong>algues vertes<\/strong>\u00a0contiennent de fortes concentrations de pr\u00e9cieux min\u00e9raux et oligo\u00e9l\u00e9ments. Ils stimulent la circulation sanguine vers la peau et r\u00e9gulent la production de s\u00e9bum.<\/p>\n<p>Le complexe est compl\u00e9t\u00e9 par un extrait de racine de r\u00e9glisse (Glycyrrhiza glabra).<\/p>\n<p>La\u00a0<strong>racine de r\u00e9gliss<\/strong>e est traditionnellement utilis\u00e9e pour prendre soin des peaux irrit\u00e9es et hypersensibles. Elle contient de la glabrone et de la licochalcone qui ont un effet protecteur et calmant sur les cellules.<\/p>\n<p>Les ingr\u00e9dients id\u00e9alement associ\u00e9s assurent de mani\u00e8re holistique une meilleure \u00e9lasticit\u00e9 et une meilleure tonicit\u00e9 de la peau, ainsi que des contours du visage raffermis et un teint uniforme.<\/p>\n<p>En tant que\u00a0<strong>produit cosm\u00e9tique bio v\u00e9g\u00e9talien<\/strong>,\u00a0<strong>Hydracalm<\/strong>\u00a0ne comporte aucun ingr\u00e9dient controvers\u00e9 comme la paraffine, la silicone et les huiles min\u00e9rales, les PEG, les sulfates et les parab\u00e8nes.<\/p>\n<p>Gr\u00e2ce au flacon airless sp\u00e9cial particuli\u00e8rement hygi\u00e9nique, l&rsquo;utilisation de conservateurs peut \u00e9galement \u00eatre r\u00e9duite au minimum. Cela signifie que la cr\u00e8me convient \u00e9galement parfaitement aux peaux les plus exigeantes.<\/p>\n<h1>Utilisation<\/h1>\n<p>Appliquez notre cr\u00e8me CBD\u00a0r\u00e9g\u00e9n\u00e9rante\u00a0Hydracalm sur la peau deux fois par jour ou plus si n\u00e9cessaire. Utiliser le produit pendant au moins 60 jours pour de meilleurs r\u00e9sultats.<\/p>\n<p>Envisager \u00e9galement des mesures nutricosm\u00e9tiques qui agissent de l&rsquo;int\u00e9rieur.<\/p>\n<p>&nbsp;<\/p>\n<h4><\/h4>\n<h4><strong>Complexe d&rsquo;ingr\u00e9dients pr\u00e9cieux<\/strong>\u00a0:<\/h4>\n<p>Cannabidiol (150 mg), aloe vera, QT40 (extrait d&rsquo;algues vertes), huile de graines de chanvre, dexpanth\u00e9nol, vitamine E, extrait de racine de r\u00e9glisse, bisabolol, acide hyaluronique<\/p>\n<p>&nbsp;<\/p>\n<h4><strong>INGR\u00c9DIENTS :<\/strong><\/h4>\n<p>aqua*, aloe barbadensis leaf juice*\/**, glyceryl stearate*, butyrospermum parkii (shea) butter*\/**, cetearyl alcohol*, glycerin*\/**, cannabis sativa (hemp) seed oil*\/**, macadamia integrifolia seed oil*, squalane*, hydrolyzed ulva lactuca extract*, hydrogenated ethylhexyl olivate*, hydrogenated olive oil unsaponifiables*, stearic acid*, sodium lauroyl glutamate*, panthenol, cannabidiol (cbd), glycyrrhiza glabra (liquorice) root extract, maltodextrin*, glyceryl caprylate*, cyamopsis tetragonoloba (guar) gum*, xanthan gum*, tocopheryl acetate (stable vitamin e), bisabolol*, hyaluronic acid (biofermented)* dehydroacetic acid, fragrance (naturalorganic)*\/**, sodium levulinate*, potassium sorbate, citric acid, sodium phytate*, benzyl alcohol, citronellol***, geraniol***,linalool***, citral***, limonene***, coumarin***<\/p>\n<p>&nbsp;<\/p>\n<p>* Ingr\u00e9dients d&rsquo;origine naturelle (97,5 %) ** Ingr\u00e9dients issus de l&rsquo;agriculture biologique (21 %)\u00a0 *** Composants issus des huiles essentielles naturelles<\/p>\n","protected":false},"excerpt":{"rendered":"<p>Le teint frais et uniforme d&rsquo;une personne refl\u00e8te sa\u00a0<strong>bonne sant\u00e9<\/strong>\u00a0et sa\u00a0<strong>vitalit\u00e9<\/strong>.<\/p>\n<p>Mais la peau du visage est particuli\u00e8rement expos\u00e9e aux influences environnementales constantes comme les rayons UV, les particules fines ou l&rsquo;air sec d\u00fb au chauffage, et elle a besoin de soins riches.<\/p>\n<p>Pour \u00e9viter le vieillissement cutan\u00e9 pr\u00e9matur\u00e9, le\u00a0<strong>soin hydratant<\/strong>\u00a0et\u00a0<strong>anti-\u00e2ge<\/strong>\u00a0r\u00e9g\u00e9n\u00e9rant Hydracalm, vous aidera \u00e0\u00a0 renforcer la barri\u00e8re cutan\u00e9e et la r\u00e9silience de\u00a0votre peau, en lui redonnant plus d&rsquo;\u00e9lasticit\u00e9 et de tonicit\u00e9.<\/p>\n<p>Ce\u00a0<strong>cosm\u00e9tique bio certifi\u00e9<\/strong>,\u00a0<strong>r\u00e9g\u00e9n\u00e8re<\/strong>\u00a0les peaux agress\u00e9es et fatigu\u00e9es, et\u00a0<strong>corrige<\/strong>\u00a0les petites rides et les irr\u00e9gularit\u00e9s.<\/p>\n","protected":false},"featured_media":20685,"template":"","meta":[],"product_cat":[46],"product_tag":[],"_links":{"self":[{"href":"https:\/\/fillinx.site\/tropscbdtest\/wp-json\/wp\/v2\/product\/3450"}],"collection":[{"href":"https:\/\/fillinx.site\/tropscbdtest\/wp-json\/wp\/v2\/product"}],"about":[{"href":"https:\/\/fillinx.site\/tropscbdtest\/wp-json\/wp\/v2\/types\/product"}],"wp:featuredmedia":[{"embeddable":true,"href":"https:\/\/fillinx.site\/tropscbdtest\/wp-json\/wp\/v2\/media\/20685"}],"wp:attachment":[{"href":"https:\/\/fillinx.site\/tropscbdtest\/wp-json\/wp\/v2\/media?parent=3450"}],"wp:term":[{"taxonomy":"product_cat","embeddable":true,"href":"https:\/\/fillinx.site\/tropscbdtest\/wp-json\/wp\/v2\/product_cat?post=3450"},{"taxonomy":"product_tag","embeddable":true,"href":"https:\/\/fillinx.site\/tropscbdtest\/wp-json\/wp\/v2\/product_tag?post=3450"}],"curies":[{"name":"wp","href":"https:\/\/api.w.org\/{rel}","templated":true}]}}