{"id":3455,"date":"2023-09-13T12:12:55","date_gmt":"2023-09-13T12:12:55","guid":{"rendered":"https:\/\/fillinx.site\/tropscbdtest\/?post_type=product&#038;p=3455"},"modified":"2024-05-13T14:49:30","modified_gmt":"2024-05-13T12:49:30","slug":"huile-de-massage","status":"publish","type":"product","link":"https:\/\/fillinx.site\/tropscbdtest\/produit\/huile-de-massage\/","title":{"rendered":"Huile de massage"},"content":{"rendered":"<p><strong>Conseils d&rsquo;utilisation<\/strong> :<\/p>\n<p>Avant le massage, versez dans la paume de la main pour la r\u00e9chauffer l\u00e9g\u00e8rement.<\/p>\n<p>Appliquez ensuite sur les parties s\u00e9lectionn\u00e9s et massez jusqu&rsquo;\u00e0 absorption.<\/p>\n<p>Tenir hors de port\u00e9e des enfants.<\/p>\n","protected":false},"excerpt":{"rendered":"<p><span style=\"color: #000000;\">Offrez vous un moment de d\u00e9tente avec notre <strong>huile de massage biologique<\/strong>.<\/span><\/p>\n<p><span style=\"color: #000000;\">Compos\u00e9e d\u2019huiles essentiels biologiques soigneusement s\u00e9lectionn\u00e9es pour leurs\u00a0effets relaxantes\u00a0et\u00a0apaisantes, notre huile corps vous apportera\u00a0relaxation intense\u00a0et apaisement.<\/span><\/p>\n<p><span style=\"color: #000000;\">Gr\u00e2ce au romarin, \u00e0 l\u2019eucalyptus et avec\u00a0<strong>600 mg de CBD<\/strong>, soulagez les tensions accumul\u00e9es et retrouvez la s\u00e9r\u00e9nit\u00e9.<\/span><\/p>\n<p><span style=\"color: #000000;\">Diminuez vos douleurs chroniques, courbature et contraction musculaire, et r\u00e9cup\u00e9rez de vos traumatismes physiques, pour un pur moment de plaisir et de bien-\u00eatre intense.<\/span><\/p>\n","protected":false},"featured_media":20683,"template":"","meta":[],"product_cat":[46],"product_tag":[],"_links":{"self":[{"href":"https:\/\/fillinx.site\/tropscbdtest\/wp-json\/wp\/v2\/product\/3455"}],"collection":[{"href":"https:\/\/fillinx.site\/tropscbdtest\/wp-json\/wp\/v2\/product"}],"about":[{"href":"https:\/\/fillinx.site\/tropscbdtest\/wp-json\/wp\/v2\/types\/product"}],"wp:featuredmedia":[{"embeddable":true,"href":"https:\/\/fillinx.site\/tropscbdtest\/wp-json\/wp\/v2\/media\/20683"}],"wp:attachment":[{"href":"https:\/\/fillinx.site\/tropscbdtest\/wp-json\/wp\/v2\/media?parent=3455"}],"wp:term":[{"taxonomy":"product_cat","embeddable":true,"href":"https:\/\/fillinx.site\/tropscbdtest\/wp-json\/wp\/v2\/product_cat?post=3455"},{"taxonomy":"product_tag","embeddable":true,"href":"https:\/\/fillinx.site\/tropscbdtest\/wp-json\/wp\/v2\/product_tag?post=3455"}],"curies":[{"name":"wp","href":"https:\/\/api.w.org\/{rel}","templated":true}]}}