{"id":845,"date":"2023-08-11T12:21:40","date_gmt":"2023-08-11T12:21:40","guid":{"rendered":"https:\/\/fillinx.site\/tropscbdtest\/?post_type=product&#038;p=845"},"modified":"2024-05-20T09:14:37","modified_gmt":"2024-05-20T07:14:37","slug":"jaune-trops-21","status":"publish","type":"product","link":"https:\/\/fillinx.site\/tropscbdtest\/product\/jaune-trops-21\/","title":{"rendered":"Jaune Trop&rsquo;s 21%"},"content":{"rendered":"","protected":false},"excerpt":{"rendered":"<p>Produite avec soin et passion, avec des m\u00e9thodes de qualit\u00e9, c\u2019est \u00e0 la main que cette r\u00e9sine CBD est ensuite fabriqu\u00e9e.<br \/>\nCette r\u00e9sine de CBD haut de gamme est issue d&rsquo;une production fran\u00e7aise enti\u00e8rement l\u00e9gale, pour conqu\u00e9rir l\u2019ensemble de vos sens et assouvir au mieux vos besoins.<br \/>\nSa concentration de <strong>21% de CBD<\/strong>, vous offrira un effet calmant et analg\u00e9sique parfait dans beaucoup de situations. Le Jaune vous procurera un effet de d\u00e9tente tr\u00e8s satisfaisant et vous aidera \u00e0 pallier certaines petites douleurs g\u00eanantes du quotidien.<\/p>\n<p>Le Jaune Trop\u2019s est r\u00e9put\u00e9 pour ses ar\u00f4mes tr\u00e8s naturels et sa texture poudreuse. On retrouve donc avec ce produit, la r\u00e9sine des connaisseurs, en termes de THC, tant sur la texture que sur le gout.<br \/>\nCette r\u00e9sine de CBD s\u2019effrite tr\u00e8s facilement, sa texture friable et un peu grasse, et permet de ne pas se retrouver avec un pollen \u00e0 proprement parl\u00e9. Il n\u2019a donc pas besoin d\u2019\u00eatre brul\u00e9 ou chauff\u00e9 avant utilisation.<br \/>\nSont gout floral, authentique et tr\u00e8s naturel vous fera passer un moment des plus agr\u00e9ables !<\/p>\n","protected":false},"featured_media":863,"template":"","meta":[],"product_cat":[37],"product_tag":[],"_links":{"self":[{"href":"https:\/\/fillinx.site\/tropscbdtest\/wp-json\/wp\/v2\/product\/845"}],"collection":[{"href":"https:\/\/fillinx.site\/tropscbdtest\/wp-json\/wp\/v2\/product"}],"about":[{"href":"https:\/\/fillinx.site\/tropscbdtest\/wp-json\/wp\/v2\/types\/product"}],"wp:featuredmedia":[{"embeddable":true,"href":"https:\/\/fillinx.site\/tropscbdtest\/wp-json\/wp\/v2\/media\/863"}],"wp:attachment":[{"href":"https:\/\/fillinx.site\/tropscbdtest\/wp-json\/wp\/v2\/media?parent=845"}],"wp:term":[{"taxonomy":"product_cat","embeddable":true,"href":"https:\/\/fillinx.site\/tropscbdtest\/wp-json\/wp\/v2\/product_cat?post=845"},{"taxonomy":"product_tag","embeddable":true,"href":"https:\/\/fillinx.site\/tropscbdtest\/wp-json\/wp\/v2\/product_tag?post=845"}],"curies":[{"name":"wp","href":"https:\/\/api.w.org\/{rel}","templated":true}]}}