{"id":924,"date":"2023-08-11T12:22:27","date_gmt":"2023-08-11T12:22:27","guid":{"rendered":"https:\/\/fillinx.site\/tropscbdtest\/?post_type=product&#038;p=924"},"modified":"2024-05-18T10:49:41","modified_gmt":"2024-05-18T08:49:41","slug":"red-cherry","status":"publish","type":"product","link":"https:\/\/fillinx.site\/tropscbdtest\/produit\/red-cherry\/","title":{"rendered":"Red Cherry"},"content":{"rendered":"","protected":false},"excerpt":{"rendered":"<p>Parmi nos vari\u00e9t\u00e9s les plus odorantes, la Red Cherry bien sa place.<\/p>\n<p>Laissez-vous tent\u00e9 par cette fleur CBD, avec son puissant m\u00e9lange d&rsquo;ar\u00f4mes piquant de terre et de baies et sa l\u00e9g\u00e8re note sucr\u00e9e.<\/p>\n<p>La Red Cherry poss\u00e8de un go\u00fbt subtil de note \u00e9pic\u00e9e, de cerise l\u00e9g\u00e8rement houblonn\u00e9e et doucement terreuse.<\/p>\n<p>Id\u00e9al pour les personnes qui cherchent \u00e0\u00a0 se relaxer, cette fleur de chanvre permet de diminuer les douleurs et les courbatures et aide \u00e0\u00a0 l&rsquo;endormissement.<\/p>\n","protected":false},"featured_media":934,"template":"","meta":[],"product_cat":[126],"product_tag":[],"_links":{"self":[{"href":"https:\/\/fillinx.site\/tropscbdtest\/wp-json\/wp\/v2\/product\/924"}],"collection":[{"href":"https:\/\/fillinx.site\/tropscbdtest\/wp-json\/wp\/v2\/product"}],"about":[{"href":"https:\/\/fillinx.site\/tropscbdtest\/wp-json\/wp\/v2\/types\/product"}],"wp:featuredmedia":[{"embeddable":true,"href":"https:\/\/fillinx.site\/tropscbdtest\/wp-json\/wp\/v2\/media\/934"}],"wp:attachment":[{"href":"https:\/\/fillinx.site\/tropscbdtest\/wp-json\/wp\/v2\/media?parent=924"}],"wp:term":[{"taxonomy":"product_cat","embeddable":true,"href":"https:\/\/fillinx.site\/tropscbdtest\/wp-json\/wp\/v2\/product_cat?post=924"},{"taxonomy":"product_tag","embeddable":true,"href":"https:\/\/fillinx.site\/tropscbdtest\/wp-json\/wp\/v2\/product_tag?post=924"}],"curies":[{"name":"wp","href":"https:\/\/api.w.org\/{rel}","templated":true}]}}