{"id":962,"date":"2023-08-11T12:22:50","date_gmt":"2023-08-11T12:22:50","guid":{"rendered":"https:\/\/fillinx.site\/tropscbdtest\/?post_type=product&#038;p=962"},"modified":"2024-05-13T14:51:01","modified_gmt":"2024-05-13T12:51:01","slug":"distilate-de-cbd-85","status":"publish","type":"product","link":"https:\/\/fillinx.site\/tropscbdtest\/produit\/distilate-de-cbd-85\/","title":{"rendered":"Distilate de CBD 85%"},"content":{"rendered":"<h3>Comment consommer du distilate ?<\/h3>\n<p>Il existe une multitude de moyens de consommer son\u00a0<strong>distilate<\/strong>.<\/p>\n<p>Voici les m\u00e9thodes les plus r\u00e9pandues:<\/p>\n<p><strong>Dans (ou sur) une feuille de papier \u00e0\u00a0 rouler<\/strong><\/p>\n<p>Vous pouvez, si vous le souhaitez, rajouter du\u00a0<strong>distilate<\/strong>\u00a0(pr\u00e9alablement rapp\u00e9 ou en poudre) sur \u00ab\u00a0une feuille de papier \u00e0\u00a0 rouler\u00a0\u00bb ou \u00e0\u00a0 l&rsquo;int\u00e9rieur de votre \u00ab\u00a0feuille de papier \u00e0\u00a0 rouler\u00a0\u00bb. Cela fonctionne comme si vous utilisiez de\u00a0<strong>la wax<\/strong><strong>.<\/strong><\/p>\n<p><strong>Dans l&rsquo;alimentation<\/strong><\/p>\n<p>En effet, il vous est tout \u00e0\u00a0 fait possible d&rsquo;ajouter du distilate dans vos plats pr\u00e9f\u00e9r\u00e9s. Pour cela, il vous suffit de compl\u00e9ter votre recette avec une petite quantit\u00e9 de distilate ou d&rsquo;utiliser le distilate comme ingr\u00e9dient principal.<\/p>\n<p><strong>En sublinguale<\/strong><\/p>\n<p>Vous avez la possibilit\u00e9 de mettre un peu de distilate sous votre langue. Tout comme avec les\u00a0<strong>huiles de CBD\u00a0,\u00a0<\/strong>le distilate sera en contact direct avec vos muqueuses buccales, ce qui permettra au produit de p\u00e9n\u00e9trer rapidement dans votre syst\u00e8me, pour un effet plus rapide.<\/p>\n<p><strong>Dans votre\u00a0liquide de vaporisation<\/strong><\/p>\n<p>Le distilate \u00e9tant une combinaison de plusieurs compos\u00e9s chimiques, il est possible en quelques gouttes de booster votre liquide de vaporisation.<\/p>\n<p><strong>Le dabbing\u00a0<\/strong><\/p>\n<p>Pour cela, il vous suffit d&rsquo;utiliser votre DAB comme vous le feriez habituellement. Une petite quantit\u00e9 de distilate dans le tube pr\u00e9alablement chauff\u00e9 suffira \u00e0\u00a0 vous relaxer de fa\u00e7on intense.<\/p>\n","protected":false},"excerpt":{"rendered":"<p>Si vous recherchez\u00a0\u00e0\u00a0 profiter du CBD sous l&rsquo;une de ses formes les plus pures, le\u00a0<strong>Distilate<\/strong>\u00a0(ou distillat de CBD ),est le produit qu&rsquo;il vous faut.<\/p>\n<p>Fabriqu\u00e9e en distillant une\u00a0<strong>plante de chanvre<\/strong>, cette m\u00e9thode d&rsquo;extraction du<strong>\u00a0CBD<\/strong>\u00a0(<strong>cannabidiol<\/strong>), fournit, sous la forme d&rsquo;une roche, une forme d&rsquo;huile de CBD solide hautement raffin\u00e9e.<\/p>\n<p>En plus d&rsquo;une\u00a0<strong>forte concentration<\/strong>\u00a0de\u00a0<strong>CBD<\/strong>, le distillat contient\u00a0\u00e9galement de nombreux autres\u00a0<strong>cannabino\u00efdes<\/strong>\u00a0(CBG,CBN&#8230;), et des terp\u00e8nes, ce qui potentialise les effets du\u00a0<strong>distilate<\/strong>.<\/p>\n<p>Notre\u00a0<strong>distilate<\/strong>\u00a0\u00e0\u00a0 une concentration de\u00a0<strong>85%<\/strong>, et se pr\u00e9sente et ressemble \u00e0\u00a0 un bonbon au miel.<\/p>\n<p>Sa forte concentration, permet de n&rsquo;utiliser qu&rsquo;une\u00a0petite dose pour obtenir les effets physiologiques souhait\u00e9s\u00a0et\u00a0pour un moment\u00a0<strong>bien-\u00eatre<\/strong>\u00a0intense.<\/p>\n","protected":false},"featured_media":20231,"template":"","meta":[],"product_cat":[39],"product_tag":[],"_links":{"self":[{"href":"https:\/\/fillinx.site\/tropscbdtest\/wp-json\/wp\/v2\/product\/962"}],"collection":[{"href":"https:\/\/fillinx.site\/tropscbdtest\/wp-json\/wp\/v2\/product"}],"about":[{"href":"https:\/\/fillinx.site\/tropscbdtest\/wp-json\/wp\/v2\/types\/product"}],"wp:featuredmedia":[{"embeddable":true,"href":"https:\/\/fillinx.site\/tropscbdtest\/wp-json\/wp\/v2\/media\/20231"}],"wp:attachment":[{"href":"https:\/\/fillinx.site\/tropscbdtest\/wp-json\/wp\/v2\/media?parent=962"}],"wp:term":[{"taxonomy":"product_cat","embeddable":true,"href":"https:\/\/fillinx.site\/tropscbdtest\/wp-json\/wp\/v2\/product_cat?post=962"},{"taxonomy":"product_tag","embeddable":true,"href":"https:\/\/fillinx.site\/tropscbdtest\/wp-json\/wp\/v2\/product_tag?post=962"}],"curies":[{"name":"wp","href":"https:\/\/api.w.org\/{rel}","templated":true}]}}